 the remainder when 60551 is divided by 20152.
95
Calculate the remainder when 185978 is divided by 389.
36
What is the remainder when 379879 is divided by 247?
240
Calculate the remainder when 55877733 is divided by 188.
185
Calculate the remainder when 45814 is divided by 15226.
136
What is the remainder when 245593 is divided by 60958?
1761
What is the remainder when 8363063 is divided by 677?
82
Calculate the remainder when 2845035 is divided by 2409.
6
What is the remainder when 21829426 is divided by 27?
7
Calculate the remainder when 4503653 is divided by 1749.
1727
What is the remainder when 467710 is divided by 114?
82
Calculate the remainder when 5584995 is divided by 62.
35
Calculate the remainder when 6961917 is divided by 1480.
1477
What is the remainder when 3812001 is divided by 94?
19
What is the remainder when 134902 is divided by 1847?
71
What is the remainder when 315297 is divided by 183?
171
What is the remainder when 108984 is divided by 9072?
120
Calculate the remainder when 7925 is divided by 7595.
330
Calculate the remainder when 28580569 is divided by 716.
713
What is the remainder when 167567 is divided by 20942?
31
Calculate the remainder when 287020 is divided by 2565.
2305
Calculate the remainder when 36435 is divided by 10813.
3996
What is the remainder when 595693732 is divided by 6749?
6745
What is the remainder when 50543 is divided by 11921?
2859
Calculate the remainder when 834027 is divided by 110.
7
What is the remainder when 70526 is divided by 179?
0
Calculate the remainder when 8168295 is divided by 510515.
55
Calculate the remainder when 1722199 is divided by 572641.
4276
What is the remainder when 8898947 is divided by 428?
399
What is the remainder when 6300596 is divided by 1032?
236
Calculate the remainder when 362906847 is divided by 32.
31
Calculate the remainder when 113774 is divided by 241.
22
Calculate the remainder when 370706 is divided by 184847.
1012
Calculate the remainder when 14258 is divided by 1899.
965
Calculate the remainder when 967305 is divided by 56899.
22
Calculate the remainder when 7153446 is divided by 67483.
248
Calculate the remainder when 14900 is divided by 14296.
604
Calculate the remainder when 7821447 is divided by 325.
322
What is the remainder when 129700 is divided by 6168?
172
What is the remainder when 46629093 is divided by 23?
20
What is the remainder when 43672 is divided by 5367?
736
Calculate the remainder when 486117 is divided by 162023.
48
What is the remainder when 11922696 is divided by 22?
16
Calculate the remainder when 44206014 is divided by 4463.
4462
Calculate the remainder when 6873470 is divided by 1285.
5
What is the remainder when 301479 is divided by 9135?
24
Calculate the remainder when 364975 is divided by 227.
186
What is the remainder when 1861120 is divided by 32082?
364
Calculate the remainder when 82521314 is divided by 318.
314
What is the remainder when 18400704 is divided by 1040?
1024
What is the remainder when 130492 is divided by 242?
54
Calculate the remainder when 31966955 is divided by 63.
62
Calculate the remainder when 21732 is divided by 7113.
393
What is the remainder when 3217800 is divided by 129?
24
What is the remainder when 2239410 is divided by 139963?
2
What is the remainder when 1106111 is divided by 91?
6
Calculate the remainder when 110069 is divided by 54975.
119
Calculate the remainder when 773354 is divided by 86.
42
What is the remainder when 278722857 is divided by 195?
192
What is the remainder when 663923 is divided by 1964?
91
What is the remainder when 579137 is divided by 3114?
3047
Calculate the remainder when 10055722 is divided by 1018.
936
What is the remainder when 29994 is divided by 960?
234
Calculate the remainder when 3954787 is divided by 1587.
1570
What is the remainder when 27981367 is divided by 4197?
4165
What is the remainder when 560464 is divided by 2316?
2308
Calculate the remainder when 4932865 is divided by 26.
15
Calculate the remainder when 202329131 is divided by 1233.
1229
Calculate the remainder when 19426822 is divided by 216.
214
What is the remainder when 3638491 is divided by 37?
22
What is the remainder when 13224217 is divided by 1017247?
6
Calculate the remainder when 8867901 is divided by 48.
45
Calculate the remainder when 1166735 is divided by 4388.
3915
Calculate the remainder when 109249 is divided by 424.
281
Calculate the remainder when 38249855 is divided by 1369.
1364
What is the remainder when 98159 is divided by 287?
5
Calculate the remainder when 1302559 is divided by 1028.
83
Calculate the remainder when 21570379 is divided by 289.
286
What is the remainder when 1663559 is divided by 554511?
26
What is the remainder when 8410662 is divided by 11714?
10
What is the remainder when 32687792 is divided by 329?
326
Calculate the remainder when 32708237 is divided by 5205.
17
Calculate the remainder when 1177508 is divided by 3823.
24
What is the remainder when 41431035 is divided by 1024?
1019
What is the remainder when 3270511 is divided by 1006?
5
What is the remainder when 2501713 is divided by 96?
49
Calculate the remainder when 42995 is divided by 14325.
20
Calculate the remainder when 402302 is divided by 390.
212
What is the remainder when 15230598 is divided by 805?
803
What is the remainder when 136848 is divided by 97?
78
Calculate the remainder when 37095 is divided by 12361.
12
Calculate the remainder when 60780 is divided by 1615.
1025
Calculate the remainder when 45142 is divided by 206.
28
What is the remainder when 1321573 is divided by 38?
9
Calculate the remainder when 14006 is divided by 5627.
2752
What is the remainder when 21777 is divided by 1772?
513
Calculate the remainder when 3782732 is divided by 791.
170
Calculate the remainder when 8455659 is divided by 12326.
23
What is the remainder when 950211 is divided by 927?
36
What is the remainder when 18228 is divided by 2589?
105
What is the remainder when 216140 is divided by 316?
312
What is the remainder when 23161435 is divided by 27705?
55
What is the remainder when 1155357 is divided by 72206?
61
What is the remainder when 4560667 is divided by 506697?
394
Calculate the remainder when 400994 is divided by 57282.
20
What is the remainder when 121569 is divided by 8983?
4790
Calculate the remainder when 10193002 is divided by 6606.
6550
Calculate the remainder when 2479917 is divided by 175.
167
Calculate the remainder when 13189160 is divided by 1214.
264
Calculate the remainder when 4552503 is divided by 5.
3
What is the remainder when 497881 is divided by 5080?
41
What is the remainder when 115434 is divided by 2678?
280
What is the remainder when 261906 is divided by 28878?
2004
Calculate the remainder when 183075 is divided by 87525.
8025
What is the remainder when 4708436 is divided by 792?
788
Calculate the remainder when 398079 is divided by 198919.
241
Calculate the remainder when 711979 is divided by 20341.
44
What is the remainder when 42787463 is divided by 8498?
33
Calculate the remainder when 760646 is divided by 380305.
36
Calculate the remainder when 6367 is divided by 4821.
1546
Calculate the remainder when 12900499 is divided by 787.
782
Calculate the remainder when 212117569 is divided by 212117569.
0
Calculate the remainder when 153634 is divided by 4155.
4054
Calculate the remainder when 10013777 is divided by 52.
33
What is the remainder when 3486587 is divided by 102545?
57
Calculate the remainder when 47862107 is divided by 35506.
19
Calculate the remainder when 325174385 is divided by 2303.
2300
What is the remainder when 281361 is divided by 242?
157
Calculate the remainder when 632857 is divided by 405.
247
What is the remainder when 7535795 is divided by 20?
15
What is the remainder when 649113 is divided by 2546?
2429
Calculate the remainder when 4654269 is divided by 213.
6
What is the remainder when 3051272 is divided by 42?
14
What is the remainder when 21961192 is divided by 10980581?
30
What is the remainder when 1095724 is divided by 21?
7
What is the remainder when 369586 is divided by 81?
64
What is the remainder when 1235336 is divided by 16685?
646
Calculate the remainder when 590318 is divided by 590041.
277
What is the remainder when 1086215 